{"id":109,"date":"2019-03-07T17:10:07","date_gmt":"2019-03-07T17:10:07","guid":{"rendered":"https:\/\/seg-ober-ramstadt.de\/?page_id=109"},"modified":"2022-10-07T12:11:42","modified_gmt":"2022-10-07T12:11:42","slug":"visionen-2","status":"publish","type":"page","link":"https:\/\/seg-ober-ramstadt.de\/?page_id=109","title":{"rendered":"Umbau zum Wohngebiet"},"content":{"rendered":"\n<h4 class=\"wp-block-heading\">Wohnen \u2013 Arbeiten &#8211; Erholen<\/h4>\n\n\n\n<p>Seit 2009 ist das MIAG-Gel\u00e4nde bewohnt, zudem sind Gr\u00fcnfl\u00e4chen sowie soziale Einrichtungen entstanden.<\/p>\n\n\n\n<p>Folgende Ziele wurden bei der Entwicklung des Gel\u00e4ndes einbezogen:<\/p>\n\n\n\n<ul class=\"wp-block-list\"><li>Wohngeb\u00e4ude f\u00fcr unterschiedliche Altersgruppen und  in verschiedenen Preiskategorien unter Ber\u00fccksichtigung nachhaltiger  Umweltstandards<\/li><li>barrierefreie Wohnangebote und eine Tagespflegeeinrichtung f\u00fcr \u00e4ltere Mitb\u00fcrger<\/li><li>attraktiv gestalteter Stadtteil, z. B. durch hochwertig gestaltete \u00f6ffentliche Fl\u00e4chen, ein \u00fcbergreifendes Farbkonzept und attraktiven St\u00e4dtebau<\/li><li>Erhalt der historischen Geb\u00e4ude, die die\u00a0Vergangenheit erlebbar\u00a0machen (Villa, Verwaltungsgeb\u00e4ude, Pf\u00f6rtnerhaus, 100-Meter-Halle)<\/li><li>gro\u00dfz\u00fcgige Gr\u00fcnfl\u00e4chen<\/li><li>Ansiedlung von Arbeitspl\u00e4tzen in unterschiedlichen Bereichen<\/li><li>Kinderbetreuungspl\u00e4tze im Gebiet<\/li><\/ul>\n\n\n\n<p>Es wurde an die gro\u00dfe Zeit des Gel\u00e4ndes in den  zwanziger und drei\u00dfiger Jahren angekn\u00fcpft und ein neuer, lebendiger Stadtteil von Ober-Ramstadt geschaffen.<\/p>\n","protected":false},"excerpt":{"rendered":"<p>Wohnen \u2013 Arbeiten &#8211; Erholen Seit 2009 ist das MIAG-Gel\u00e4nde bewohnt, zudem sind Gr\u00fcnfl\u00e4chen sowie soziale Einrichtungen entstanden. Folgende Ziele wurden bei der Entwicklung des Gel\u00e4ndes einbezogen: Wohngeb\u00e4ude f\u00fcr unterschiedliche Altersgruppen und in verschiedenen Preiskategorien unter Ber\u00fccksichtigung nachhaltiger Umweltstandards barrierefreie Wohnangebote und eine Tagespflegeeinrichtung f\u00fcr \u00e4ltere Mitb\u00fcrger attraktiv gestalteter Stadtteil, z. B. durch hochwertig gestaltete [&hellip;]<\/p>\n","protected":false},"author":1,"featured_media":0,"parent":8,"menu_order":3,"comment_status":"closed","ping_status":"closed","template":"","meta":{"footnotes":""},"class_list":["post-109","page","type-page","status-publish","hentry"],"_links":{"self":[{"href":"https:\/\/seg-ober-ramstadt.de\/index.php?rest_route=\/wp\/v2\/pages\/109","targetHints":{"allow":["GET"]}}],"collection":[{"href":"https:\/\/seg-ober-ramstadt.de\/index.php?rest_route=\/wp\/v2\/pages"}],"about":[{"href":"https:\/\/seg-ober-ramstadt.de\/index.php?rest_route=\/wp\/v2\/types\/page"}],"author":[{"embeddable":true,"href":"https:\/\/seg-ober-ramstadt.de\/index.php?rest_route=\/wp\/v2\/users\/1"}],"replies":[{"embeddable":true,"href":"https:\/\/seg-ober-ramstadt.de\/index.php?rest_route=%2Fwp%2Fv2%2Fcomments&post=109"}],"version-history":[{"count":15,"href":"https:\/\/seg-ober-ramstadt.de\/index.php?rest_route=\/wp\/v2\/pages\/109\/revisions"}],"predecessor-version":[{"id":626,"href":"https:\/\/seg-ober-ramstadt.de\/index.php?rest_route=\/wp\/v2\/pages\/109\/revisions\/626"}],"up":[{"embeddable":true,"href":"https:\/\/seg-ober-ramstadt.de\/index.php?rest_route=\/wp\/v2\/pages\/8"}],"wp:attachment":[{"href":"https:\/\/seg-ober-ramstadt.de\/index.php?rest_route=%2Fwp%2Fv2%2Fmedia&parent=109"}],"curies":[{"name":"wp","href":"https:\/\/api.w.org\/{rel}","templated":true}]}}

<h4 class="wp-block-heading">Wohnen – Arbeiten &#8211; Erholen</h4>



<p>Seit 2009 ist das MIAG-Gelände bewohnt, zudem sind Grünflächen sowie soziale Einrichtungen entstanden.</p>



<p>Folgende Ziele wurden bei der Entwicklung des Geländes einbezogen:</p>



<ul class="wp-block-list"><li>Wohngebäude für unterschiedliche Altersgruppen und  in verschiedenen Preiskategorien unter Berücksichtigung nachhaltiger  Umweltstandards</li><li>barrierefreie Wohnangebote und eine Tagespflegeeinrichtung für ältere Mitbürger</li><li>attraktiv gestalteter Stadtteil, z. B. durch hochwertig gestaltete öffentliche Flächen, ein übergreifendes Farbkonzept und attraktiven Städtebau</li><li>Erhalt der historischen Gebäude, die die Vergangenheit erlebbar machen (Villa, Verwaltungsgebäude, Pförtnerhaus, 100-Meter-Halle)</li><li>großzügige Grünflächen</li><li>Ansiedlung von Arbeitsplätzen in unterschiedlichen Bereichen</li><li>Kinderbetreuungsplätze im Gebiet</li></ul>



<p>Es wurde an die große Zeit des Geländes in den  zwanziger und dreißiger Jahren angeknüpft und ein neuer, lebendiger Stadtteil von Ober-Ramstadt geschaffen.</p>

<p>Wohnen – Arbeiten &#8211; Erholen Seit 2009 ist das MIAG-Gelände bewohnt, zudem sind Grünflächen sowie soziale Einrichtungen entstanden. Folgende Ziele wurden bei der Entwicklung des Geländes einbezogen: Wohngebäude für unterschiedliche Altersgruppen und in verschiedenen Preiskategorien unter Berücksichtigung nachhaltiger Umweltstandards barrierefreie Wohnangebote und eine Tagespflegeeinrichtung für ältere Mitbürger attraktiv gestalteter Stadtteil, z. B. durch hochwertig gestaltete [&hellip;]</p>
