{"id":12,"date":"2019-03-06T16:09:04","date_gmt":"2019-03-06T16:09:04","guid":{"rendered":"https:\/\/seg-ober-ramstadt.de\/?page_id=12"},"modified":"2025-08-27T13:21:45","modified_gmt":"2025-08-27T13:21:45","slug":"uber-uns","status":"publish","type":"page","link":"https:\/\/seg-ober-ramstadt.de\/?page_id=12","title":{"rendered":"\u00dcber uns"},"content":{"rendered":"\n<h2 class=\"wp-block-heading\">Stadtentwicklungsgesellschaft <br>Ober-Ramstadt mbH<\/h2>\n\n\n\n<p>Die <a rel=\"noreferrer noopener\" href=\"http:\/\/www.ober-ramstadt.de\" target=\"_blank\">Stadt Ober-Ramstadt <\/a>hat gemeinsam mit den B\u00fcros <a rel=\"noreferrer noopener\" href=\"http:\/\/www.bsmf.de\" target=\"_blank\">BSMF Beratungsgesellschaft f\u00fcr Stadterneuerung und Modernisierung mbH<\/a>, Frankfurt am Main und <a rel=\"noreferrer noopener\" href=\"http:\/\/www.umweltplanung-gmbh.de\" target=\"_blank\">Umweltplanung Bullermann Schneble GmbH<\/a>,  Darmstadt im Jahr 2005 die Stadtentwicklungsgesellschaft Ober-Ramstadt mbH gr\u00fcndet. Gegenstand des Unternehmens sind Erwerb, Entwicklung,  Erschlie\u00dfung, Bebauung, Ver\u00e4u\u00dferung und Verwaltung des 2008 erworbenen  MIAG-Gel\u00e4ndes sowie ggf. weiterer Grundst\u00fccke bzw. Immobilien in der  Stadt Ober-Ramstadt. Sitz der Gesellschaft ist in Ober-Ramstadt,  Darmst\u00e4dter Str. 29.<\/p>\n\n\n<div class=\"wp-block-image\">\n<figure class=\"alignleft is-resized\"><a href=\"https:\/\/seg-ober-ramstadt.de\/wp-content\/uploads\/2019\/03\/baubeginn_stimmung-2.jpg\"><img loading=\"lazy\" decoding=\"async\" width=\"493\" height=\"345\" src=\"https:\/\/seg-ober-ramstadt.de\/wp-content\/uploads\/2019\/03\/baubeginn_stimmung-2.jpg\" alt=\"\" class=\"wp-image-103\" style=\"width:660px;height:462px\" srcset=\"https:\/\/seg-ober-ramstadt.de\/wp-content\/uploads\/2019\/03\/baubeginn_stimmung-2.jpg 493w, https:\/\/seg-ober-ramstadt.de\/wp-content\/uploads\/2019\/03\/baubeginn_stimmung-2-300x210.jpg 300w\" sizes=\"auto, (max-width: 493px) 100vw, 493px\" \/><\/a><\/figure>\n<\/div>\n\n\n<p><\/p>\n\n\n\n<p>Der Aufsichtsrat der Stadtentwicklungsgesellschaft Ober-Ramstadt mbH besteht aus Vertretern und Vertreterinnen der politischen Parteien in Ober-Ramstadt sowie unterschiedlichen Pers\u00f6nlichkeiten, die Erfahrung in der Entwicklung von Siedlungsfl\u00e4chen haben. Vorsitzender im Aufsichtsrat ist der B\u00fcrgermeister von Ober-Ramstadt, Herr Tobias Silbereis. Gesch\u00e4ftsf\u00fchrer der Stadtentwicklungsgesellschaft Ober-Ramstadt mbH sind Herr Martin Bullermann und Herr Arne Kilian.<\/p>\n\n\n\n<div class=\"wp-block-columns has-2-columns is-layout-flex wp-container-core-columns-is-layout-9d6595d7 wp-block-columns-is-layout-flex\">\n<div class=\"wp-block-column is-layout-flow wp-block-column-is-layout-flow\"><\/div>\n\n\n\n<div class=\"wp-block-column is-layout-flow wp-block-column-is-layout-flow\"><\/div>\n<\/div>\n\n\n\n<p><\/p>\n","protected":false},"excerpt":{"rendered":"<p>Stadtentwicklungsgesellschaft Ober-Ramstadt mbH Die Stadt Ober-Ramstadt hat gemeinsam mit den B\u00fcros BSMF Beratungsgesellschaft f\u00fcr Stadterneuerung und Modernisierung mbH, Frankfurt am Main und Umweltplanung Bullermann Schneble GmbH, Darmstadt im Jahr 2005 die Stadtentwicklungsgesellschaft Ober-Ramstadt mbH gr\u00fcndet. Gegenstand des Unternehmens sind Erwerb, Entwicklung, Erschlie\u00dfung, Bebauung, Ver\u00e4u\u00dferung und Verwaltung des 2008 erworbenen MIAG-Gel\u00e4ndes sowie ggf. weiterer Grundst\u00fccke bzw. [&hellip;]<\/p>\n","protected":false},"author":1,"featured_media":0,"parent":0,"menu_order":10,"comment_status":"closed","ping_status":"closed","template":"","meta":{"footnotes":""},"class_list":["post-12","page","type-page","status-publish","hentry"],"_links":{"self":[{"href":"https:\/\/seg-ober-ramstadt.de\/index.php?rest_route=\/wp\/v2\/pages\/12","targetHints":{"allow":["GET"]}}],"collection":[{"href":"https:\/\/seg-ober-ramstadt.de\/index.php?rest_route=\/wp\/v2\/pages"}],"about":[{"href":"https:\/\/seg-ober-ramstadt.de\/index.php?rest_route=\/wp\/v2\/types\/page"}],"author":[{"embeddable":true,"href":"https:\/\/seg-ober-ramstadt.de\/index.php?rest_route=\/wp\/v2\/users\/1"}],"replies":[{"embeddable":true,"href":"https:\/\/seg-ober-ramstadt.de\/index.php?rest_route=%2Fwp%2Fv2%2Fcomments&post=12"}],"version-history":[{"count":24,"href":"https:\/\/seg-ober-ramstadt.de\/index.php?rest_route=\/wp\/v2\/pages\/12\/revisions"}],"predecessor-version":[{"id":937,"href":"https:\/\/seg-ober-ramstadt.de\/index.php?rest_route=\/wp\/v2\/pages\/12\/revisions\/937"}],"wp:attachment":[{"href":"https:\/\/seg-ober-ramstadt.de\/index.php?rest_route=%2Fwp%2Fv2%2Fmedia&parent=12"}],"curies":[{"name":"wp","href":"https:\/\/api.w.org\/{rel}","templated":true}]}}