{"id":192,"date":"2020-02-06T10:59:19","date_gmt":"2020-02-06T10:59:19","guid":{"rendered":"https:\/\/seg-ober-ramstadt.de\/?page_id=192"},"modified":"2020-05-08T09:28:11","modified_gmt":"2020-05-08T09:28:11","slug":"projekt-1","status":"publish","type":"page","link":"https:\/\/seg-ober-ramstadt.de\/?page_id=192","title":{"rendered":"Wohnungen"},"content":{"rendered":"\n<figure class=\"wp-block-image size-large is-resized\"><a href=\"https:\/\/seg-ober-ramstadt.de\/wp-content\/uploads\/2020\/03\/Bild2.jpg\"><img loading=\"lazy\" decoding=\"async\" src=\"https:\/\/seg-ober-ramstadt.de\/wp-content\/uploads\/2020\/03\/Bild2.jpg\" alt=\"\" class=\"wp-image-365\" width=\"665\" height=\"442\" srcset=\"https:\/\/seg-ober-ramstadt.de\/wp-content\/uploads\/2020\/03\/Bild2.jpg 378w, https:\/\/seg-ober-ramstadt.de\/wp-content\/uploads\/2020\/03\/Bild2-300x199.jpg 300w\" sizes=\"auto, (max-width: 665px) 100vw, 665px\" \/><\/a><\/figure>\n\n\n\n<p>Die SEG unterh\u00e4lt einen Bestand von insgesamt 75 Mietwohneinheiten in unterschiedlichen Objekten im Stadtgebiet von Ober-Ramstadt. Ein gro\u00dfer Teil des Wohnungsbestandes der SEG befindet sich in der Berliner Stra\u00dfe. Die SEG f\u00fchrte dort zwischen 2016 und 2017 die notwendigen werterhaltenden Sanierungen durch. Flankiert wurden die Arbeiten durch ein Sozialplanverfahren.<\/p>\n","protected":false},"excerpt":{"rendered":"<p>Die SEG unterh\u00e4lt einen Bestand von insgesamt 75 Mietwohneinheiten in unterschiedlichen Objekten im Stadtgebiet von Ober-Ramstadt. Ein gro\u00dfer Teil des Wohnungsbestandes der SEG befindet sich in der Berliner Stra\u00dfe. Die SEG f\u00fchrte dort zwischen 2016 und 2017 die notwendigen werterhaltenden Sanierungen durch. Flankiert wurden die Arbeiten durch ein Sozialplanverfahren.<\/p>\n","protected":false},"author":1,"featured_media":0,"parent":9,"menu_order":2,"comment_status":"closed","ping_status":"closed","template":"","meta":{"footnotes":""},"class_list":["post-192","page","type-page","status-publish","hentry"],"_links":{"self":[{"href":"https:\/\/seg-ober-ramstadt.de\/index.php?rest_route=\/wp\/v2\/pages\/192","targetHints":{"allow":["GET"]}}],"collection":[{"href":"https:\/\/seg-ober-ramstadt.de\/index.php?rest_route=\/wp\/v2\/pages"}],"about":[{"href":"https:\/\/seg-ober-ramstadt.de\/index.php?rest_route=\/wp\/v2\/types\/page"}],"author":[{"embeddable":true,"href":"https:\/\/seg-ober-ramstadt.de\/index.php?rest_route=\/wp\/v2\/users\/1"}],"replies":[{"embeddable":true,"href":"https:\/\/seg-ober-ramstadt.de\/index.php?rest_route=%2Fwp%2Fv2%2Fcomments&post=192"}],"version-history":[{"count":13,"href":"https:\/\/seg-ober-ramstadt.de\/index.php?rest_route=\/wp\/v2\/pages\/192\/revisions"}],"predecessor-version":[{"id":588,"href":"https:\/\/seg-ober-ramstadt.de\/index.php?rest_route=\/wp\/v2\/pages\/192\/revisions\/588"}],"up":[{"embeddable":true,"href":"https:\/\/seg-ober-ramstadt.de\/index.php?rest_route=\/wp\/v2\/pages\/9"}],"wp:attachment":[{"href":"https:\/\/seg-ober-ramstadt.de\/index.php?rest_route=%2Fwp%2Fv2%2Fmedia&parent=192"}],"curies":[{"name":"wp","href":"https:\/\/api.w.org\/{rel}","templated":true}]}}