{"id":230,"date":"2020-02-06T15:03:57","date_gmt":"2020-02-06T15:03:57","guid":{"rendered":"https:\/\/seg-ober-ramstadt.de\/?page_id=230"},"modified":"2022-10-07T12:11:42","modified_gmt":"2022-10-07T12:11:42","slug":"infrastruktur","status":"publish","type":"page","link":"https:\/\/seg-ober-ramstadt.de\/?page_id=230","title":{"rendered":"Infrastruktur"},"content":{"rendered":"\n<h4 class=\"wp-block-heading\">Stra\u00dfen und Kanalisation im MIAG-Gel\u00e4nde <\/h4>\n\n\n\n<p>Die gesamte Infrastruktur auf dem MIAG-Gel\u00e4nde wurde erneuert. <\/p>\n\n\n\n<ol class=\"wp-block-list\"><li>Die Netze f\u00fcr Trinkwasser, E-Strom, Telekommunikation und Breitbandkabel wurden nach dem Stand der Technik in jeder Stra\u00dfe neu verlegt.\u00a0 <\/li><li>Es wurde eine Kanalisation mit getrennten Leitungen f\u00fcr Schmutzwasser  und Regenwasser in jeder \u00f6ffentlichen Stra\u00dfe neu hergestellt. <\/li><li>Das MIAG-Gel\u00e4nde wurde mit einer regenerativen Nahw\u00e4rmeversorgung erschlossen. Durch den Einsatz einer zentralen Biomasse-Heizungsanlage im Keller des ehemaligen Verwaltungsgeb\u00e4udes, in Kombination mit einem Nahw\u00e4rmenetz, wird jedes Grundst\u00fcck nahezu emissionsfrei und kosteng\u00fcnstig mit W\u00e4rme versorgt. Errichtung und Betrieb der Anlagen erfolgt durch die HSE.<\/li><li>Alle \u00f6ffentlichen Stra\u00dfen, Wege und Gr\u00fcnfl\u00e4chen wurden in hochwertiger, zeitgem\u00e4\u00dfer Ausf\u00fchrung und Gestaltung neu errichtet.                                                                                                                                                      <\/li><\/ol>\n","protected":false},"excerpt":{"rendered":"<p>Stra\u00dfen und Kanalisation im MIAG-Gel\u00e4nde Die gesamte Infrastruktur auf dem MIAG-Gel\u00e4nde wurde erneuert. Die Netze f\u00fcr Trinkwasser, E-Strom, Telekommunikation und Breitbandkabel wurden nach dem Stand der Technik in jeder Stra\u00dfe neu verlegt.\u00a0 Es wurde eine Kanalisation mit getrennten Leitungen f\u00fcr Schmutzwasser und Regenwasser in jeder \u00f6ffentlichen Stra\u00dfe neu hergestellt. Das MIAG-Gel\u00e4nde wurde mit einer regenerativen [&hellip;]<\/p>\n","protected":false},"author":4,"featured_media":0,"parent":8,"menu_order":5,"comment_status":"closed","ping_status":"closed","template":"","meta":{"footnotes":""},"class_list":["post-230","page","type-page","status-publish","hentry"],"_links":{"self":[{"href":"https:\/\/seg-ober-ramstadt.de\/index.php?rest_route=\/wp\/v2\/pages\/230","targetHints":{"allow":["GET"]}}],"collection":[{"href":"https:\/\/seg-ober-ramstadt.de\/index.php?rest_route=\/wp\/v2\/pages"}],"about":[{"href":"https:\/\/seg-ober-ramstadt.de\/index.php?rest_route=\/wp\/v2\/types\/page"}],"author":[{"embeddable":true,"href":"https:\/\/seg-ober-ramstadt.de\/index.php?rest_route=\/wp\/v2\/users\/4"}],"replies":[{"embeddable":true,"href":"https:\/\/seg-ober-ramstadt.de\/index.php?rest_route=%2Fwp%2Fv2%2Fcomments&post=230"}],"version-history":[{"count":6,"href":"https:\/\/seg-ober-ramstadt.de\/index.php?rest_route=\/wp\/v2\/pages\/230\/revisions"}],"predecessor-version":[{"id":567,"href":"https:\/\/seg-ober-ramstadt.de\/index.php?rest_route=\/wp\/v2\/pages\/230\/revisions\/567"}],"up":[{"embeddable":true,"href":"https:\/\/seg-ober-ramstadt.de\/index.php?rest_route=\/wp\/v2\/pages\/8"}],"wp:attachment":[{"href":"https:\/\/seg-ober-ramstadt.de\/index.php?rest_route=%2Fwp%2Fv2%2Fmedia&parent=230"}],"curies":[{"name":"wp","href":"https:\/\/api.w.org\/{rel}","templated":true}]}}