{"id":59,"date":"2019-03-07T08:51:55","date_gmt":"2019-03-07T08:51:55","guid":{"rendered":"https:\/\/seg-ober-ramstadt.de\/?page_id=59"},"modified":"2025-08-20T09:43:39","modified_gmt":"2025-08-20T09:43:39","slug":"impressum","status":"publish","type":"page","link":"https:\/\/seg-ober-ramstadt.de\/?page_id=59","title":{"rendered":"Impressum"},"content":{"rendered":"\n<h2 class=\"wp-block-heading\">Stadtentwicklungsgesellschaft Ober-Ramstadt mbH<\/h2>\n\n\n\n<p>Darmst\u00e4dter Str. 29<br>64372 Ober-Ramstadt<br><br>Telefon: 0 61 54 \/ 57 73 79<br> E-Mail: <a href=\"mailto:seg@seg-ober-ramstadt.de\">seg@seg-ober-ramstadt.de<\/a> <br> Internet: <a href=\"https:\/\/seg-ober-ramstadt.de\">www.seg-ober-ramstadt.de<\/a><br><br>Gesch\u00e4ftsf\u00fchrer: Martin Bullermann, Arne Kilian<br>Amtgericht Darmstadt: HRB 9661<br>UST-ID: DE245620639<\/p>\n\n\n\n<h4 class=\"wp-block-heading\">virtuelle 3D-Stadt- und Umgebungsmodellierung<\/h4>\n\n\n\n<p>maila-push GmbH <br>Ludwigsplatz 6 <br>64283 Darmstadt<\/p>\n\n\n\n<p>Bei der Darstellung des Entwicklungsplans und den 3D-Grafiken handelt es sich um unverbindliche Illustrationen.<\/p>\n\n\n\n<h4 class=\"wp-block-heading\">Haftungsausschluss<\/h4>\n\n\n\n<p>Alle Texte, Grafiken und Bilder auf dieser Web-Site unterliegen<br>dem Urheberrecht und d\u00fcrfen nicht kopiert werden.<br>             <br>Die Links auf unseren Internet-Seiten sind sorgf\u00e4ltig \u00fcberpr\u00fcft,<br>f\u00fcr Richtigkeit k\u00f6nnen wir jedoch keine Haftung \u00fcbernehmen.<br>F\u00fcr die Inhalte von verlinkten Seiten sind ausschlie\u00dflich die<br>Betreiber dieser Seiten verantwortlich.<\/p>\n\n\n\n<h2 class=\"wp-block-heading\">Technische Entwicklung und Design<\/h2>\n\n\n\n<p>Bohm Nonnen Urhahn<br>B\u00fcro f\u00fcr interaktive Medien GmbH<br>Havelstr. 26<br>64295 Darmstadt<br>Tel.: +49 (6151) 30088-0<br>Fax: +49 (6151) 30088-22<br>Internet: <a href=\"http:\/\/www.bnu.de\" target=\"_blank\" rel=\"noreferrer noopener\">www.bnu.de<\/a><br><\/p>\n","protected":false},"excerpt":{"rendered":"<p>Stadtentwicklungsgesellschaft Ober-Ramstadt mbH Darmst\u00e4dter Str. 2964372 Ober-Ramstadt Telefon: 0 61 54 \/ 57 73 79 E-Mail: seg@seg-ober-ramstadt.de Internet: www.seg-ober-ramstadt.de Gesch\u00e4ftsf\u00fchrer: Martin Bullermann, Arne KilianAmtgericht Darmstadt: HRB 9661UST-ID: DE245620639 virtuelle 3D-Stadt- und Umgebungsmodellierung maila-push GmbH Ludwigsplatz 6 64283 Darmstadt Bei der Darstellung des Entwicklungsplans und den 3D-Grafiken handelt es sich um unverbindliche Illustrationen. Haftungsausschluss Alle Texte, [&hellip;]<\/p>\n","protected":false},"author":1,"featured_media":0,"parent":0,"menu_order":16,"comment_status":"closed","ping_status":"closed","template":"","meta":{"footnotes":""},"class_list":["post-59","page","type-page","status-publish","hentry"],"_links":{"self":[{"href":"https:\/\/seg-ober-ramstadt.de\/index.php?rest_route=\/wp\/v2\/pages\/59","targetHints":{"allow":["GET"]}}],"collection":[{"href":"https:\/\/seg-ober-ramstadt.de\/index.php?rest_route=\/wp\/v2\/pages"}],"about":[{"href":"https:\/\/seg-ober-ramstadt.de\/index.php?rest_route=\/wp\/v2\/types\/page"}],"author":[{"embeddable":true,"href":"https:\/\/seg-ober-ramstadt.de\/index.php?rest_route=\/wp\/v2\/users\/1"}],"replies":[{"embeddable":true,"href":"https:\/\/seg-ober-ramstadt.de\/index.php?rest_route=%2Fwp%2Fv2%2Fcomments&post=59"}],"version-history":[{"count":5,"href":"https:\/\/seg-ober-ramstadt.de\/index.php?rest_route=\/wp\/v2\/pages\/59\/revisions"}],"predecessor-version":[{"id":934,"href":"https:\/\/seg-ober-ramstadt.de\/index.php?rest_route=\/wp\/v2\/pages\/59\/revisions\/934"}],"wp:attachment":[{"href":"https:\/\/seg-ober-ramstadt.de\/index.php?rest_route=%2Fwp%2Fv2%2Fmedia&parent=59"}],"curies":[{"name":"wp","href":"https:\/\/api.w.org\/{rel}","templated":true}]}}